2*g**2 - 12*g - 14. Give x(7).
0
Let k(u) = u**2 + 14*u + 17. Calculate k(-13).
4
Let g(n) = 25*n**2. What is g(2)?
100
Let h(t) = 2*t**3 + 3*t**2 - 3*t + 2. Determine h(-3).
-16
Let s(i) = -i**2 - 31*i - 90. What is s(-27)?
18
Let q(i) = i**2 + 2*i - 1. Calculate q(-2).
-1
Let l(i) = -3*i + 13. Calculate l(-6).
31
Let o(f) = -f - 6. Determine o(1).
-7
Let r(q) = -q**2 + 4*q + 9. What is r(7)?
-12
Let t(i) = -i**3 + 3*i**2 - 2*i + 3. Calculate t(4).
-21
Let w(c) = 19*c + 175. What is w(-9)?
4
Let b(v) = -9*v + 66. What is b(7)?
3
Let v(z) = -z**3 - z - 3. Give v(-4).
65
Let v(a) = 32*a + 1. Calculate v(-1).
-31
Let h(d) = 3*d + 25. Calculate h(-8).
1
Let a(s) = -169*s - 1. What is a(1)?
-170
Let a(r) = -r**2 + 18*r - 15. Determine a(16).
17
Let d(w) = -w**2 + 7*w - 2. Determine d(5).
8
Let w(f) = f - 30. Determine w(23).
-7
Let p(b) = 10*b**2 - 128*b - 24. Determine p(13).
2
Let s(v) = -3*v**2 + 19*v + 37. Give s(8).
-3
Let c(o) = o**3 + 13*o**2 + 21*o - 4. Calculate c(-11).
7
Let k(l) = -l**3 + 17*l**2 - 4*l + 6. Give k(0).
6
Let c(d) = -2*d + 15. Give c(4).
7
Let l(i) = i**2 + 32*i + 217. Calculate l(-10).
-3
Let w(l) = 3*l**2 + 78*l - 83. Determine w(-27).
-2
Let s(g) = 6*g**2 + 12*g + 14. What is s(-2)?
14
Let c(m) = m**3 - 21*m**2 + 23*m - 40. Determine c(20).
20
Let o(m) = -m**2 + 7*m - 1. Give o(1).
5
Let s(a) = 4*a - 28. Calculate s(6).
-4
Let c(k) = k**3 - 13*k**2 + 13*k - 12. Determine c(12).
0
Let s(l) = 31*l - 21. Calculate s(1).
10
Let h(z) = z**3 - 18*z**2 - 5. Determine h(18).
-5
Let f(v) = 12*v**2 - v + 1. Give f(1).
12
Let a(h) = h**2 - 8*h - 2. Determine a(8).
-2
Let c(h) = h**2 + 2*h - 4. Determine c(-7).
31
Let d(l) = -l**3 - 12*l**2 - l + 1. What is d(-12)?
13
Let t(x) = x**3 - 7*x**2 - 9*x - 13. Calculate t(9).
68
Let m(p) = 5*p**2 + 70*p + 5. What is m(-14)?
5
Let u(o) = o - 11. Give u(14).
3
Let h(d) = -d**2 - 12*d - 13. Give h(-11).
-2
Let l(c) = -c**2 - 14*c + 36. Calculate l(-17).
-15
Let k(l) = l**3 - 3*l**2 - 10*l - 8. What is k(5)?
-8
Let b(x) = -4*x + 22. Determine b(-18).
94
Let x(r) = 5*r + 7. Give x(-3).
-8
Let x(y) = 13*y + 1. Determine x(1).
14
Let d(z) = -22*z + 11. Give d(1).
-11
Let c(n) = n**2 - n - 1. What is c(3)?
5
Let k(j) = 6*j - 1. Calculate k(-1).
-7
Let w(n) = -n**2 - n + 24. Calculate w(0).
24
Let w(f) = f**3 + 2*f**2 + 4*f + 12. What is w(-3)?
-9
Let t(a) = -a**3 + 5*a**2 + 10*a + 43. Give t(7).
15
Let t(q) = -7*q**3 + 1. What is t(-2)?
57
Let d(g) = -4*g + 1. Give d(-15).
61
Let w(n) = n**3 - 10*n**2 + 5*n + 8. Determine w(9).
-28
Let n(c) = c**3 + 7*c**2 + 3*c + 12. What is n(-7)?
-9
Let s(w) = 3*w - 20. Calculate s(8).
4
Let q(v) = -v**3 - 9*v**2 - 6*v + 5. Determine q(-8).
-11
Let a(m) = -m**2. Give a(0).
0
Let y(k) = 4*k**2 - 72*k + 2. What is y(18)?
2
Let a(y) = -y**3 + 12*y**2 - 9*y + 4. Determine a(11).
26
Let k(m) = -2*m**2 + 4*m - 2. What is k(5)?
-32
Let t(q) = -q + 8. Determine t(-11).
19
Let h(k) = k**2 - 3*k + 3. Calculate h(3).
3
Let f(k) = -3*k + 8. Calculate f(-6).
26
Let g(d) = d**2 - 9*d + 1. Calculate g(8).
-7
Let x(g) = g**2 - 4*g + 3. What is x(4)?
3
Let c(t) = -11*t - 1. What is c(2)?
-23
Let y(x) = -2*x**3 - 18*x**2 - 19*x - 19. Determine y(-8).
5
Let q(x) = -x**3 + 14*x**2 + 10*x + 70. What is q(15)?
-5
Let t(u) = -u**3 + 5*u**2 + 4*u - 13. What is t(7)?
-83
Let h(m) = -m - 11. What is h(10)?
-21
Let t(z) = -5*z + 14. Calculate t(-6).
44
Let y(k) = -k**3 - 6*k**2 - 4*k. Give y(-6).
24
Let s(j) = -3*j + 11. What is s(5)?
-4
Let i(l) = l**3 - 7*l**2 - 15*l + 29. Determine i(8).
-27
Let i(l) = -l**2 - 5*l - 8. Calculate i(-9).
-44
Let r(w) = 8*w**2 - 18*w - 20. What is r(-1)?
6
Let l(w) = -w**3 + 6*w**2 - 4*w + 1. What is l(3)?
16
Let h(z) = -4*z**3 - 2*z**2 - 2*z - 2. What is h(-2)?
26
Let t(v) = -v**3 + 13*v**2 - 11*v - 1. Determine t(12).
11
Let u(b) = -7*b + 60. Determine u(10).
-10
Let j(i) = -3*i - 7. What is j(-3)?
2
Let y(a) = -a**3 - 8*a**2 - 12*a + 5. Determine y(-6).
5
Let d(a) = a**3 - 5*a**2 + 2*a + 20. Give d(4).
12
Let j(c) = 11*c - 139. Give j(11).
-18
Let p(w) = -w**2 + 12*w + 41. Give p(0).
41
Let x(p) = 22*p**2 - 134*p + 14. Calculate x(6).
2
Let o(j) = -j**2 - 73*j + 659. What is o(8)?
11
Let d(v) = -v**2 + 5*v + 2. What is d(4)?
6
Let z(v) = v - 7. Determine z(-10).
-17
Let x(b) = -2*b**2 - 40*b + 22. Calculate x(-23).
-116
Let t(x) = -9*x**2 + x - 1. Calculate t(1).
-9
Let q(d) = 2*d**3 + 4*d**2 - 17*d - 18. Give q(-4).
-14
Let w(i) = -15*i - 15. Determine w(-1).
0
Let i(m) = 3*m**2 + 23*m - 21. Determine i(-9).
15
Let g(i) = i**3 + 3*i**2 + 2*i - 2. Give g(-5).
-62
Let l(b) = b**2 + 10*b - 6. Determine l(-4).
-30
Let c(u) = 7*u + 5. Give c(-7).
-44
Let z(h) = h**2 - 2*h - 75. Give z(-9).
24
Let b(f) = f**3 - 19*f - 2. Give b(-4).
10
Let d(f) = -f**3 - 31*f**2 + 4*f + 127. Give d(-31).
3
Let b(u) = 14*u**2 - 128*u + 10. Give b(9).
-8
Let p(i) = -i**3 + 8*i**2 + 8*i - 3. Give p(9).
-12
Let v(p) = p**3 - 2*p**2. Give v(-2).
-16
Let s(d) = -d**3 - 12*d**2 - 13*d - 7. Give s(-11).
15
Let w(m) = -4*m**2 - 3*m. Give w(-2).
-10
Let p(b) = 4*b + 23. Determine p(-8).
-9
Let o(h) = h**3 - 5*h**2 + 4*h - 6. What is o(4)?
-6
Let w(l) = -5*l**2 + 12*l - 24. Determine w(2).
-20
Let d(b) = b**3 - 9*b**2 - 11*b. Calculate d(10).
-10
Let n(j) = -j**3 - 15*j**2 - 26*j + 6. What is n(-12)?
-114
Let m(i) = -6*i + 59. Give m(9).
5
Let d(f) = -9*f. Determine d(-1).
9
Let t(d) = d**2 + 9*d - 1. Calculate t(-9).
-1
Let p(y) = -44*y - 757. What is p(-17)?
-9
Let m(w) = w - 5. What is m(13)?
8
Let a(x) = x**3 + 4*x**2 - 9. Give a(-7).
-156
Let k(u) = u**3 - 5*u**2 + 9*u - 11. Calculate k(3).
-2
Let w(c) = 38*c**3 + c - 1. Calculate w(1).
38
Let q(n) = 37*n + 57. What is q(-2)?
-17
Let x(u) = 4*u**2 + u + 9. What is x(3)?
48
Let s(j) = 2*j**2 - 12*j + 21. Calculate s(7).
35
Let v(d) = -6*d**2 + 11*d - 6. Calculate v(2).
-8
Let v(c) = -c**3 + 9*c**2 - 9*c + 1. Calculate v(8).
-7
Let o(l) = 2*l**2 - 1. Calculate o(1).
1
Let q(a) = 2*a**3 - 18*a**2 + 16*a. Determine q(8).
0
Let k(f) = -f + 5. What is k(-5)?
10
Let w(j) = -j**2 - 10*j + 10. Give w(-8).
26
Let x(q) = q**2 - 8*q + 17. Give x(7).
10
Let z(b) = 5*b**2 + b + 2. Calculate z(4).
86
Let a(w) = 4*w**3 + 2*w**2 + 3*w. Determine a(-3).
-99
Let r(u) = u**3 + 5*u**2 - 2. What is r(-5)?
-2
Let c(y) = y**3 + 17*y**2 + 33*y + 31. Give c(-15).
-14
Let p(u) = -8*u - 4. Give p(1).
-12
Let c(o) = -o - 11. What is c(-6)?
-5
Let i(d) = d**2 + 64*d + 185. Calculate i(-61).
2
Let c(h) = h**3 + 8*h**2 - 8*h + 46. Give c(-9).
37
Let s(k) = k**2 + 24*k - 48. What is s(-26)?
4
Let q(l) = -7*l. Give q(-1).
7
Let i(d) = -d**2 + 10*d - 10. What is i(7)?
11
Let v(m) = -m**3 - 6*m**2 + 8. Give v(-6).
8
Let k(n) = n**3 - 7*n**2 - n + 18. Give k(8).
74
Let p(d) = -4*d - 8. Give p(7).
-36
Let i(z) = 9*z + 3. Calculate i(-2).
-15
Let d(h) = -3*h + 70. Give d(22).
4
Let h(x) = x**3 - 10*x**2 - 2*x + 10. Determine h(10).
-10
Let f(d) = -d**2 + 2*d + 2. Calculate f(3).
-1
Let i(h) = 6*h. Determine i(3).
18
Let x(m) = -7*m + 126. Calculate x(21).
-21
Let q(f) = 13*f**3 + 2*f**2 - 9*f + 10. What is q(2)?
104
Let y(p) = 7*p - 18. Determine y(3).
3
Let q(t) = t**2 - t + 13. Give q(0).
13
Let z(d) = d**3 - 7*d**2 + 9*d - 5. Give z(6).
13
Let a(p) = -8*p + 139. Determine a(15).
19
Let s(g) = 3*g**3 + g**2 - g + 2. What is s(-2)?
-16
Let w(v) = -v**3 + 7*v**2 - 10*v + 14. Determine w(6).
-10
Let x(u) = 24*u - 1. What is x(-1)?
-25
Let t(x) = -x**3 - 2*x**2 - 7*x - 9. Calculate t(0).
-9
Let g(h) = 2*h**2 + 6*h - 73. Give g(-8).
7
Let z(n) = -n**2 - 6*n - 2. What is z(-4)?
6
Let j(s) = s + 6. What is j(-2)?
4
Let g(c) = c**2 + 8*c + 1. Give g(-6).
-11
Let a(t) = t**3 - 23*t**2 + 23*t - 25. Calculate a(22).
-3
Let i(z) = -5*z + 19. Give i(12).
-41
Let b(t) = -3*t**2. Give b(2).
-12
Let m(f) = -3*f**2 - 3*f - 5. Give m(-3).
-23
Let v(j) = -j**3 + 34. What is v(0)?
34
Let m(f) = -3*f + 29. Give m(-10).
59
Let k(s) = s**3 + s**2 - 37. Give k(0).
-37
Let q(o) = o**3 - 6*o**2 - 3*o - 27. What is q(8)?
77
Let i(z) = -5*z - 13. What is i(-1)?
-8
Let x(n) = n**2 - 9*n - 6. What is x(6)?
-24
Let l(t) = -3*t + 2. Calculate l(-7).
23
Let s(p) = -p**3 - 9*p**2 - 10*p - 16. Calculate s(-8).
0
Let i(l) = l**3 - 14*l**2 - 14*l - 11. Calculate i(15).
4
Let c(d) = -d**2 + 16*